 Suppose -2*a + 9 = -q*a + 5*z, -4*a - 2*z + 30 = 0. What are the prime factors of a?
2, 3
Let j(k) be the first derivative of k**3/3 + k**2 + 2*k - 3. List the prime factors of j(-3).
5
Let u(k) be the second derivative of -k**3/2 - 7*k**2/2 + k. List the prime factors of u(-6).
11
Let p be 8/24 - 5/(-3). Suppose 3*t = 3*g + p*g - 241, 3 = t. What are the prime factors of g?
2, 5
Let b(p) = 30*p - 2. Let s be b(1). Suppose s = 2*z - 2. What are the prime factors of z?
3, 5
Let v(z) = 15*z - 20*z + 2 + 6*z. Suppose -a + 2*a = -4*o + 11, 2*a - 22 = o. List the prime factors of v(a).
13
Suppose -170 = -4*r - 30. Suppose 0 = -4*j + 3*u + 29, -4*u = 5*j - 9*u - r. Suppose 3*z - j = 2*z. What are the prime factors of z?
2
Suppose -2*y - y = -522. List the prime factors of y.
2, 3, 29
Let r(k) = -k**3 - 7*k**2 - 2*k - 3. Let w be r(-7). Suppose -7*v - 52 = -w*v. What are the prime factors of v?
13
Let o(k) = -3*k + 2. Let r be o(2). Let h(m) = m**2 + 3*m - 2. Let q be h(r). List the prime factors of q/(-4) - (-22)/4.
5
Suppose 4*b - 47 = -4*k + 17, -4*k - 31 = -b. What are the prime factors of b?
19
Suppose -3*q = q + 8. Let n = 5 + q. Suppose 26 = -a + n*a. List the prime factors of a.
13
Let s(f) = 2*f**2 - 5*f + 2. Let u be s(3). Suppose l - 3*l + 16 = 2*i, -36 = -u*l - i. List the prime factors of l.
7
Let o(m) be the second derivative of -m**3/6 + 2*m**2 + 2*m. Let c(i) = -i + 4. Let z(x) = -7*c(x) + 6*o(x). List the prime factors of z(8).
2
What are the prime factors of -20*(0 + 1/(-4))?
5
Let i be 0/((-3)/(6 + -3)). Let a = -5 + 8. Suppose -a*s - s + 36 = i. What are the prime factors of s?
3
Suppose 6*l - 2*l = y - 28, -y - 5*l = 17. Let m(q) = q**2 + q. Let r be m(0). Let d = r + y. List the prime factors of d.
2
Suppose 0 = 12*v - 9*v - 132. What are the prime factors of v?
2, 11
Let b = -43 - -71. What are the prime factors of b?
2, 7
Suppose 4 = 2*f, 3*f + 146 = y - f. What are the prime factors of y?
2, 7, 11
Let a be 5/(-20) - (-21)/4. Let i(x) = 2*x**3 - 7*x**2 - 2*x + 2. Let z be i(a). Suppose 12 = 4*d, 16 - z = -3*p - 4*d. What are the prime factors of p?
13
Suppose 8*u - 6*u - 6 = 0. Suppose u = 4*j - j, 8 = 4*b - 4*j. Suppose -b*c - c = -40. What are the prime factors of c?
2, 5
Suppose 12*y - 639 = 3*y. What are the prime factors of y?
71
Let c = 102 - -139. List the prime factors of c.
241
Let w = -31 + 53. List the prime factors of w.
2, 11
Let b be 4*(-29)/(3 + -4). Suppose -4*j + 100 + b = 0. What are the prime factors of j?
2, 3
Let w = 7 - 12. List the prime factors of 3/5 + (-42)/w.
3
Let q = -19 - -33. Suppose x - 3*f + f - 16 = 0, q = x - 4*f. Suppose 3*t - 15 = 4*v - 7*v, -2*v - x = -5*t. What are the prime factors of t?
2
Let y be 6 - (-3)/(-9)*3. Suppose 3*m + 3 = l, 49 = y*l - 3*m + 5*m. Let w = l + 0. What are the prime factors of w?
3
Let j be (9/27)/(1/453). What are the prime factors of 2/6*(14 + j)?
5, 11
What are the prime factors of ((-8)/32)/(2/(-40))?
5
Suppose s - 3*s = 2*b - 14, 2*s - 34 = -4*b. Suppose 0 = -10*l + 5*l. Suppose b = -l*y + 2*y. List the prime factors of y.
5
Suppose -2*v - v + 21 = 0. Let p = v - 5. Suppose j - 20 + 3 = -p*k, 4*j - 53 = -3*k. List the prime factors of j.
11
Let l(i) = i**2 + 10*i + 5. Let x(y) = y**3 + 5*y**2 + y + 3. Let z be x(-4). Let o be (-1)/(-3) - 155/z. What are the prime factors of l(o)?
5
Let r be (2/4)/(8/(-16)). List the prime factors of 42/2 + (r - 0).
2, 5
Let w = 4 - 2. Suppose 0 = -f + w + 2. Suppose 0 = i - 0*g - g + 2, 17 = f*i + g. What are the prime factors of i?
3
Suppose 0 = -5*j - m + 8 + 12, 0 = 3*j - m - 4. Let z be 14/j - (-2)/6. Let r(q) = q + 4. What are the prime factors of r(z)?
3
Suppose 198 = 12*n - 10*n. What are the prime factors of n?
3, 11
Suppose 6*n - 4*n = -3*d + 79, 2*d = -n + 53. Let q = -21 + d. What are the prime factors of q?
2, 3
Suppose -10 = -p - p, 5*y - 3*p = 5. List the prime factors of 102/8 + 1/y.
13
Suppose -6*p = -10*p + 540. What are the prime factors of p?
3, 5
Let k = -12 + 17. Suppose -k*z + 5*d + 15 = -35, 4*d + 32 = 3*z. List the prime factors of z.
2
Suppose -2*z - 72 = -5*z. List the prime factors of 1/4 - (-282)/z.
2, 3
What are the prime factors of 154/12 + 3/18?
13
Suppose 7*g - 2*g + 3*f = -15, -3*f - 3 = 3*g. Let a = g + 5. List the prime factors of (-1)/(-2)*(5 - a).
3
List the prime factors of (-102)/(-12) - (-1)/2.
3
Suppose -3*t = 2*y - 102, -y - 7 - 32 = -t. What are the prime factors of t?
2, 3
Suppose 0*k - 18 = 3*k. Let f be (2/k)/(2/(-12)). List the prime factors of (6/4 - f)*-30.
3, 5
Let f(r) = 5*r**3 - 14*r**2 - 8*r + 13. Let s(v) = -9*v**3 + 27*v**2 + 15*v - 25. Let p(y) = 11*f(y) + 6*s(y). List the prime factors of p(-7).
2, 7
Suppose 4*x = 8*a - 6*a + 818, 624 = 3*x + 2*a. What are the prime factors of x?
2, 103
What are the prime factors of 5/(-2)*8/(-4)?
5
Suppose -2*u = o - 14, -o + 10 = u - 2. List the prime factors of o.
2, 5
Let g(i) = 3*i**2 - 6*i - 11. What are the prime factors of g(6)?
61
Suppose w = -4*i + 4*w + 149, 117 = 3*i - 4*w. Suppose 4*j - 33 - i = 0. What are the prime factors of j?
17
Let v be ((-24)/(-15))/(2/25). Suppose 5 = -2*b - 3, -5*b + v = 4*r. What are the prime factors of r?
2, 5
Let m = 7 - 4. Suppose -l + m*l = -4*b - 2, -4*l = -2*b - 36. What are the prime factors of l?
7
Let h = 10 + -7. Suppose -h - 32 = -5*y. List the prime factors of y.
7
Let y(c) = c**2 - 8*c + 10. Let x be y(7). Suppose 0 = -4*h + 2*d + 8, 0*h = -2*h + 5*d + 4. Suppose x*u = h + 25. List the prime factors of u.
3
Suppose y = 64 + 68. Let n = -82 + y. What are the prime factors of n?
2, 5
Suppose -c - 4 = 6. List the prime factors of (c/(-8))/(5/60).
3, 5
Let o(x) = x + 2. What are the prime factors of o(9)?
11
Let x(g) = g**3 + 5*g**2 + 5*g + 6. Let h be x(-4). Suppose -5*o - 7*j = -3*j - 100, -h*o + 4*j = -40. List the prime factors of o.
2, 5
Suppose -5*m + 33 - 13 = 0. Suppose -23 = -j - m*j - a, j - 7 = -a. What are the prime factors of j?
2
Let h(j) = -8*j + 26. What are the prime factors of h(-11)?
2, 3, 19
Suppose -10 + 2 = -2*n. Suppose 4*y + 31 = n*c + 11, -5*y = -2*c - 5. List the prime factors of c.
2, 5
List the prime factors of 80/14*(-35)/20*-2.
2, 5
Suppose 0 = 5*s - y + 4*y - 353, 4*s - 279 = y. List the prime factors of s.
2, 5, 7
List the prime factors of 1606/6 + 212/159.
269
What are the prime factors of 1 + 201 + (-9)/(-9)?
7, 29
Suppose 0*f + 4*f - 2*n - 92 = 0, -2*n = 5*f - 124. What are the prime factors of f?
2, 3
Suppose 4*h - 2*h = -12. Let y = 9 + h. Suppose y*x - 54 = -0*x. List the prime factors of x.
2, 3
Let g(b) = b**2 - 6*b - 1. Let m be g(5). Let k = m - -18. List the prime factors of k.
2, 3
Let z(p) = 1 + 3 + 0 + 8*p - p**2. Let d = 17 - 10. List the prime factors of z(d).
11
Suppose -5*j = -15 + 55. Suppose 0 = -3*x - 0*x - 6. Let t = x - j. List the prime factors of t.
2, 3
Let i = 9 - 4. Suppose -2*q - 20 - 24 = -2*p, 4*p = -i*q + 61. Suppose 5*v - 41 - p = 0. List the prime factors of v.
2, 3
Let d = -281 + 453. List the prime factors of d.
2, 43
Let b = -99 - -147. What are the prime factors of b?
2, 3
List the prime factors of 5274/126 + 1/7.
2, 3, 7
Let n(q) = -q**2 + 6*q - 6. Let l be n(4). Suppose l*v - 14 = 6*v - 3*w, 0 = -5*v - 5*w. List the prime factors of -2 + 4 - 1 - v.
3
Suppose 4*j = 2*j + 4, -120 = -4*c - 2*j. Suppose -w - 6 = -c. List the prime factors of w.
23
Suppose -200 = -2*m - 4*f, -5*f - 65 = -3*m + 2*m. What are the prime factors of m?
2, 3, 5
Let f be ((-8)/10)/((-5)/25). Let k(w) = 2*w - 2. List the prime factors of k(f).
2, 3
List the prime factors of -5 - 148/(-28) - 565/(-7).
3
Let x(m) = -m**3 - 5*m**2 - 4*m + 4. List the prime factors of x(-4).
2
Let k = 21 + 5. What are the prime factors of k?
2, 13
Suppose q - 3*b = 4, -2*b = -q - 7*b - 4. Let h = 6 + -4. List the prime factors of 6/(0 - (q - h)).
2, 3
Suppose -31 = -5*f - 5*r + 34, -4*f = -3*r - 80. Suppose -2*p = -91 + f. List the prime factors of p.
37
Suppose 5*b = h - 56, 2*h - 84 = -3*b - b. List the prime factors of h.
2, 23
Let p = -5 - -5. Let o = p - -14. Let n = -9 + o. List the prime factors of n.
5
Suppose 5*y - 12 = -4*b - 1, -b - 2*y + 2 = 0. Suppose 0 = -b*v - 0*v. Suppose v*s - 2*s = -12. What are the prime factors of s?
2, 3
List the prime fac